 = -2*k. Suppose 2*l - 3 - k = 0. What are the prime factors of l?
2
Suppose 0 = -3*p + 2*p. List the prime factors of 18 + (p - -2) + 3.
23
List the prime factors of (-4 - -11) + -4 + 58.
61
Suppose 5*c + 10 = -10. List the prime factors of (-2)/c - 118/(-4).
2, 3, 5
Let n(u) = u**3 + 8*u**2 + 7*u + 8. What are the prime factors of n(-6)?
2, 19
Let p be (-1 - 2)*(1 + 1). Let c = 10 + p. Suppose 4*x - 4*j = 3*x - 2, -32 = -c*x - 4*j. List the prime factors of x.
2, 3
Suppose -3*h = -6, -h - 1 = -i + 2. List the prime factors of i.
5
Let q(s) be the first derivative of -s**3/3 - 8*s**2 - 13*s + 2. What are the prime factors of q(-12)?
5, 7
Let p = 752 - 444. What are the prime factors of p?
2, 7, 11
Suppose -3*a = 3, 2*p + 6 = -0*p + 4*a. Let o(d) = d**3 + 7*d**2 + 5*d + 2. List the prime factors of o(p).
3
Let a(d) = 2*d**2 - d - 5. List the prime factors of a(-4).
31
Suppose 5*z - 12 = 3. Let n be -7 + 3/z + 0. List the prime factors of ((-27)/n)/(2/4).
3
Let w(i) be the first derivative of -i**2/2 - 5*i - 2. Let x be w(-4). What are the prime factors of 5 - 6 - (x + -9)?
3
Let f be ((-3 - -5) + -2)/1. Let o(j) = f + 2*j + 0. What are the prime factors of o(6)?
2, 3
Suppose -44 - 28 = -3*j. List the prime factors of j.
2, 3
Let o(t) = 2*t - 3. Suppose -3*k + 10 + 8 = 0. Let h = 9 - k. What are the prime factors of o(h)?
3
Suppose -13 = -4*d + 7. Suppose o + 1 = d. Suppose 0 = -2*u - o*s + 36, 4*u - 3*s - 76 = -7*s. List the prime factors of u.
2, 5
Let a(q) = q + 35. What are the prime factors of a(7)?
2, 3, 7
Let n be (4/(-6))/(6/(-18)). Let u be (-1)/((-1)/2) - n. Suppose 24 = 4*f + 2*q - u*q, 0 = 4*f - q - 36. What are the prime factors of f?
2
What are the prime factors of (-93)/(-4)*48/18?
2, 31
Let r(m) = m**2 - m - 3. Let o be r(5). Let u = o + -2. List the prime factors of u.
3, 5
Suppose 0 = -4*l + 4 + 4. Suppose -l*r + 69 = r. What are the prime factors of r?
23
Let i(b) = -b**2 + 12*b - 16. Let w be i(8). What are the prime factors of w/(-72) + 58/18?
3
Suppose 3*s = 5 + 13. Let q = s - 7. Let f = 1 - q. List the prime factors of f.
2
Let a(o) = -o**3 + 6*o**2 - o + 4. Suppose 5*l = 22 - 7. Let v be a(l). Suppose 2*t + 6 = v. List the prime factors of t.
11
Let j be ((-20)/6)/(-2)*-3. Let y be 20/(-2) + -4 + 7. Let d = j - y. What are the prime factors of d?
2
Let p = 36 - -3. List the prime factors of p.
3, 13
Suppose d - 14 = 1. List the prime factors of d.
3, 5
Let v(t) = 5*t**2 + 8. List the prime factors of v(7).
11, 23
Suppose 0 = -4*s + p + 14, 5*s = -4*p + p + 9. Suppose -3 = k, 5*a - s*k = k + 2. List the prime factors of 11 + 2 + (-2)/a.
2, 7
Let o be (-35)/(-15) + (-4)/(-6). Suppose -5*i + o*r = -8, -21 = -2*i - 4*r + 3. What are the prime factors of i?
2
What are the prime factors of -1 - (-9 - (-15)/5)?
5
Suppose 0 = -0*t - 5*t + 20. Suppose -t*p = -0*p - 20. List the prime factors of p.
5
Let d(q) = q**2 + q - 2. Let i be d(-4). Let k(c) = c**3 - 10*c**2 + c - 8. What are the prime factors of k(i)?
2
Let d = -7 - -7. Suppose j + 0 - 15 = d. What are the prime factors of j?
3, 5
Suppose -5*b - t - 3*t = -110, 5*t - 79 = -3*b. List the prime factors of b.
2, 3
Let a be 1 + (-3 - (-3 + 1)). Suppose 5*z + 0*y - 4*y - 38 = 0, z - y - 7 = a. List the prime factors of z.
2, 5
Suppose -736 = -5*z - l, -z + 4*l = -4*z + 428. List the prime factors of z.
2, 37
Let m(z) = z**3 + 2*z**2 - 3*z + 3. Let u = -6 + 3. Let o be m(u). What are the prime factors of (-1 - -3) + o + 0?
5
Let y = 3 + 2. Suppose 2*m + 2 = 6*b - 2*b, -m = -y*b + 7. Suppose -m*v + 54 = -18. List the prime factors of v.
2, 3
Let y = 88 - 21. List the prime factors of y.
67
Let v(g) = -3*g**2 + 7*g - 2. Let q(z) = -10*z**2 + 20*z - 6. Let j(f) = -2*q(f) + 7*v(f). What are the prime factors of j(6)?
2
Suppose 204 = -5*f - 136. What are the prime factors of -4*3/(24/f)?
2, 17
Let s = 39 + 51. List the prime factors of s.
2, 3, 5
Let l(d) = d**3 + 7*d**2 + 5*d - 2. Let f be 1/2 - 33/6. What are the prime factors of l(f)?
23
Let c = -19 + 56. Suppose -3*k + 87 = 12. Let d = c - k. List the prime factors of d.
2, 3
Let o(b) = -b + 3. Let y(a) = a + 1. Let f be y(4). Let j be o(f). List the prime factors of (-9)/j - (-5)/10.
5
Let y(d) = d**3 + 5*d**2 - 7*d + 8. Let j be y(-6). List the prime factors of (j/4)/((-2)/(-4)).
7
Suppose -546 = 4*g - 10*g. What are the prime factors of g?
7, 13
Let z(s) = 2*s - 14. Let b be z(9). Let q(k) be the third derivative of -k**6/120 + k**5/15 + k**4/4 - k**3/3 - k**2. What are the prime factors of q(b)?
2, 11
What are the prime factors of 111/4 - 1/(-4)?
2, 7
Let h be (24/1)/2*-1. Let b = 37 + h. What are the prime factors of b?
5
Let p(x) = 2*x - 5*x - 2*x + 5 - 3*x**3 + 7*x**2 + 2*x**3. Let u(w) = w**2 + 6*w + 6. Let h be u(-6). List the prime factors of p(h).
11
Suppose -6*f - 54 = -8*f. List the prime factors of f.
3
Let m(p) = p - 4. Let u be 9/4*8/3. List the prime factors of m(u).
2
Let q = -5 + 5. Suppose q = 8*n - 4*n - 88. What are the prime factors of n?
2, 11
Let h = -16 + 32. List the prime factors of h.
2
Let l = 111 + -3. List the prime factors of l.
2, 3
Let i(k) be the second derivative of k**7/840 - k**6/720 - k**5/120 + k**4/6 + k. Let r(h) be the third derivative of i(h). List the prime factors of r(-1).
3
Let k(c) = -5*c + 1. Let s be k(2). Let g be 19/3 + 3/s. What are the prime factors of (g - 1)*32/20?
2
Let d(u) = 8*u + 9*u**2 + 13 + 10*u**2 - 18*u**2. What are the prime factors of d(-9)?
2, 11
Let s be 3/2 - 1/(-2). Let u(a) = -3*a - 7. Let b be u(-5). Suppose g + b = s*g. List the prime factors of g.
2
Let v(d) = -d**2 + d + 1. Let x be v(2). Let m be x - (-3 + 0 + 2). Suppose m = 4*f - f - 27. List the prime factors of f.
3
Suppose 0 = 3*a - 0 - 9. Suppose -g - a*g = 4*i - 4, i + 2 = 0. What are the prime factors of g?
3
Suppose 381*k - 1134 = 378*k. List the prime factors of k.
2, 3, 7
Let r(n) = 7*n - 16. List the prime factors of r(6).
2, 13
Let o(d) = -2*d + 1. Let z be o(-4). What are the prime factors of 1 + 18 - (z + -12)?
2, 11
Let r be 2/5 - (-47)/(-5). Suppose -32 = -2*l + 4*u, 5*u + 10 = -0*u. List the prime factors of (-6)/(1*r/l).
2
Let k = 114 + -74. Suppose -3*o - 25 - 15 = -5*n, -3*o = 5*n - k. Let q = n + -3. What are the prime factors of q?
5
Let i(p) = 8*p - 6. What are the prime factors of i(5)?
2, 17
Suppose 3 = 4*y - 5. Suppose 2*f = -2*i - 20, -y*i = 2*i - 5*f + 49. Let c = -4 - i. List the prime factors of c.
7
Let q = -5 - -5. Suppose q = -0*n - 3*n + 48. What are the prime factors of n?
2
Suppose -3*n - 40 = -4*n. What are the prime factors of n?
2, 5
Let w(k) = -k**2 - 6*k + 4. Let y be w(-6). Suppose 0 = y*o + 14 + 26. Let u = 21 + o. What are the prime factors of u?
11
Suppose 0*x + 66 = 3*x. Let r = -60 + 45. Let n = x + r. List the prime factors of n.
7
Let p = 22 + -19. What are the prime factors of p?
3
Let r(i) = -i + 14. Let u(s) = -s. Suppose -b = 2*b + 18. Let d be u(b). List the prime factors of r(d).
2
Let w(q) = 8*q + 300. What are the prime factors of w(0)?
2, 3, 5
Let h = 63 + 3. List the prime factors of h.
2, 3, 11
Let g = 26 - -2. List the prime factors of g.
2, 7
Let s = 1 + -5. Let c be (-314)/(-8) + (-3)/s. Suppose -6*a = -2*a - c. What are the prime factors of a?
2, 5
Suppose v = -t + 1, -3*v + 7 = 5*t - 6. Suppose -28 = -t*z + 3*s, 5*z + 2*s = -s + 52. List the prime factors of z.
2
Let p = -34 - -17. Let i = p - -44. Let w = i - 18. What are the prime factors of w?
3
Let b(l) = 2*l + 66. What are the prime factors of b(-31)?
2
Let j(q) = 13*q**2 + 3*q - 1. List the prime factors of j(-3).
107
Let y = -3 + 7. Let o = -1 + y. List the prime factors of o.
3
Suppose 0*k + 5*k - 130 = -s, 5*k + 4*s = 115. List the prime factors of k.
3
Suppose 4*i - 26 = -10. Suppose 2*b + 22 = i*b. Suppose 20 = 4*h + 5*a - b, 3*h - a - 9 = 0. What are the prime factors of h?
2
Let z = 2 - -3. Suppose m + 6 = z*f - 30, 2*f = -2*m + 24. List the prime factors of f.
2
Suppose 0 = -11*g + 2269 + 943. What are the prime factors of g?
2, 73
Let c(y) = 4*y**3 - y**2 + 4. What are the prime factors of c(2)?
2
Suppose 15 = 6*t - 9. Suppose -5*v - u = -135, 27 - 135 = -t*v + 3*u. List the prime factors of v.
3
Let k(d) = d**3 + d**2 + d - 2. Let t be k(0). What are the prime fact